e 14?
-1b822c8
79234 (base 11) to base 12
564a1
What is -3220301111 (base 4) in base 7?
-11050451
Convert 34659 (base 14) to base 12.
61933
62664242 (base 7) to base 13
1134443
51454 (base 13) to base 14
3b187
What is 32596 (base 13) in base 11?
62449
Convert -1011100001011011010 (base 2) to base 12.
-1625b6
4ec29 (base 16) to base 12
136835
Convert a4525 (base 14) to base 15.
7c59e
Convert 2202112111210 (base 3) to base 16.
1662f0
Convert 122011220312 (base 4) to base 10.
6838838
213220013220 (base 4) to base 12
358b660
What is 12100211102 (base 3) in base 14?
2a697
-121002122201 (base 3) to base 11
-1a7079
Convert 10032021301 (base 4) to base 11.
696400
-21000010122 (base 4) to base 16
-24011a
What is -622203 (base 8) in base 9?
-343458
-2213508 (base 9) to base 4
-10202203331
What is 194cc6 (base 14) in base 2?
11011011000000101110
-1aa467 (base 11) to base 10
-321328
-165744 (base 13) to base 3
-1001012011020
-2000220020 (base 4) to base 15
-a618b
Convert -434120 (base 10) to base 4.
-1221333020
284621 (base 14) to base 6
45523021
1303141 (base 8) to base 16
58661
Convert -392af1 (base 16) to base 4.
-32102223301
Convert 1581286 (base 11) to base 13.
734c49
30786 (base 9) to base 7
113160
-174d22 (base 16) to base 15
-2026ee
1523225 (base 7) to base 4
302230100
What is -1011110100101000000100 (base 2) in base 5?
-1243133030
Convert -673313 (base 8) to base 16.
-376cb
What is -103443 (base 9) in base 16?
-f09f
Convert 12211210020022 (base 3) to base 12.
1059352
Convert 3042310134 (base 5) to base 16.
5ece31
What is -126116a (base 12) in base 10?
-3610018
Convert -564217 (base 8) to base 11.
-12022a
144202220 (base 5) to base 6
24314533
-187a277 (base 11) to base 2
-1100000111011010011100
Convert -416a3 (base 14) to base 11.
-a8559
Convert 36a280 (base 14) to base 5.
434400122
Convert 1121000101101 (base 3) to base 8.
3165471
Convert 88663 (base 10) to base 15.
1b40d
Convert 2443322 (base 11) to base 2.
10000001101101010011110
6206672 (base 12) to base 11
a444987
-110b5 (base 12) to base 6
-252345
What is -256144 (base 7) in base 14?
-13594
Convert a2403a (base 12) to base 15.
35196a
-440154 (base 7) to base 4
-102301320
211179 (base 10) to base 8
634353
Convert 76042 (base 9) to base 2.
1100010010100011
Convert -3c668 (base 13) to base 7.
-650606
Convert -3303123200 (base 5) to base 8.
-33011655
Convert 36511151 (base 7) to base 6.
153540135
33932 (base 12) to base 4
100301312
Convert 10000020102100 (base 3) to base 16.
18661b
What is -3101122213 (base 4) in base 11?
-5364a9
4875657 (base 9) to base 14
4cd17c
What is 1072522 (base 8) in base 10?
292178
-21636aa (base 11) to base 13
-a2c280
-2010202031 (base 4) to base 13
-160127
-320810 (base 15) to base 11
-1387029
What is -1111010111000000000 (base 2) in base 16?
-7ae00
Convert 1232302 (base 5) to base 15.
7202
-38b85e (base 15) to base 13
-744044
Convert -222221000000 (base 3) to base 9.
-887000
Convert 2142256 (base 8) to base 5.
121342023
Convert -10210012020210 (base 3) to base 10.
-2011494
aba781 (base 15) to base 4
133032203113
What is 8b417 (base 14) in base 5?
41311232
Convert -3357426 (base 12) to base 7.
-146322105
1000100101000110011 (base 2) to base 8
1045063
Convert -b803c (base 13) to base 3.
-121212010211
Convert 7b10c (base 13) to base 10.
224275
1222233132 (base 4) to base 11
279538
Convert -341701 (base 8) to base 4.
-130033001
What is 10101010011100000011 (base 2) in base 12?
298003
Convert -2b715 (base 12) to base 4.
-33001001
13001011 (base 4) to base 16
7045
3cc272 (base 13) to base 16
16a28e
Convert 64c66 (base 13) to base 12.
8958a
f6448 (base 16) to base 5
224234322
What is 2501426 (base 9) in base 11?
849210
546dc4 (base 15) to base 4
33112013032
Convert -1126417 (base 11) to base 2.
-111100001000011001110
Convert 120a6 (base 13) to base 15.
9c11
What is 1220122211100 (base 3) in base 12?
410539
What is 12553364 (base 9) in base 8?
27437205
110000100110000001000 (base 2) to base 6
54043520
What is -101110000100001010111111 (base 2) in base 7?
-204433104
Convert 223130300 (base 4) to base 13.
6300b
-135030 (base 6) to base 5
-402022
What is 11b59c (base 14) in base 4?
2110110312
-1121233211 (base 4) to base 6
-11513445
-136642030 (base 7) to base 14
-12b9017
Convert 1110105440 (base 6) to base 11.
68885a7
Convert -549633 (base 10) to base 2.
-10000110001100000001
What is 1031302221 (base 4) in base 12?
134489
-b2c212 (base 13) to base 10
-4168062
1519 (base 10) to base 13
8cb
Convert -1325223 (base 6) to base 16.
-1200f
What is -47008a (base 11) in base 14?
-156221
What is -2300212 (base 6) in base 11?
-7a76a
Convert 1012311241 (base 5) to base 8.
7720170
Convert -203154 (base 10) to base 9.
-338606
What is -39c849 (base 14) in base 12?
-801981
-3241013 (base 6) to base 3
-22011202100
What is -111011101110111010011 (base 2) in base 3?
-10200102221202
What is 14110 (base 9) in base 16?
255f
What is 2210000210202 (base 3) in base 11?
919607
What is -611800 (base 9) in base 4?
-1120123320
What is -11011010101110111 (base 2) in base 16?
-1b577
Convert -3db93 (base 16) to base 3.
-110211210200
Convert 1110000010000001 (base 2) to base 9.
86748
What is -1001110100001000111000 (base 2) in base 5?
-1124312411
-4bab (base 15) to base 16
-3f08
Convert 1507a9 (base 11) to base 14.
61a18
What is -49da1 (base 15) in base 3?
-102222122221
Convert -8135 (base 13) to base 16.
-457d
4621990 (base 10) to base 16
4686a6
Convert -4666139 (base 10) to base 9.
-8701658
Convert 112200211200021 (base 3) to base 15.
a44584
Convert 402210034 (base 5) to base 12.
652370
-870177 (base 10) to base 4
-3110130201
What is -600451 (base 7) in base 16?
-18ad2
-1727662 (base 9) to base 13
-279764
What is 2ca59 (base 14) in base 15?
231d4
What is 1504373 (base 8) in base 2?
1101000100011111011
Convert -203022140 (base 7) to base 14.
-1816590
Convert 47a58 (base 15) to base 16.
37c6a
What is -2200000211 (base 3) in base 16?
-cd1e
What is 1000013301 (base 4) in base 13?
92712
-1210142104 (base 5) to base 11
-1655566
Convert -11020 (base 13) to base 5.
-1441114
Convert 58b0d (base 14) to base 8.
646211
-30104340 (base 6) to base 7
-10132665
What is 201011202100 (base 3) in base 2?
1011100001001100010
Convert 22a95 (base 12) to base 4.
23112101
-2416716 (base 8) to base 5
-132203430
1000010011001000100101 (base 2) to base 4
20103020211
What is -220531155 (base 6) in base 7?
-45451325
-34406340 (base 8) to base 2
-11100100000110011100000
What is -5a5b5 (base 12) in base 9?
-205082
-373440 (base 8) to base 14
-34d20
-415e (base 15) to base 10
-13814
What is 1425b2 (base 13) in base 12?
1b8121
Convert -220010221212 (base 3) to base 6.
-14104205
What is -2736336 (base 8) in base 4?
-2323303132
What is -2444b2 (base 12) in base 10?
-588230
434442431 (base 5) to base 2
111001001101100110101
What is -13838521 (base 9) in base 5?
-3230004443
Convert 423483 (base 10) to base 3.
210111220120
What is 253331451 (base 6) in base 3?
100021021212111
What is 1b519 (base 16) in base 4?
123110121
What is 121130002332 (base 4) in base 15?
8baca3
-256591 (base 10) to base 3
-111000222101
Convert 1c03b6 (base 13) to base 14.
148649
What is 30a817 (base 12) in base 5?
143434242
Convert 31b58 (base 15) to base 4.
212201300
184347 (base 13) to base 12
254613
Convert -194591 (base 10) to base 9.
-325832
-63086 (base 16) to base 12
-1768b2
Convert 20113333022 (base 4) to base 2.
1000010111111111001010
What is 124922 (base 10) in base 6?
2402202
What is 4033285 (base 10) in base 13?
ab2a79
What is 21104311 (base 5) in base 2?
101010110111011101
Convert -9386111 (base 11) to base 7.
-260456604
13332123 (base 5) to base 7
1106033
-1af02 (base 16) to base 5
-12012323
Convert 2211100220211 (base 3) to base 11.
937370
Convert -1422140402 (base 5) to base 7.
-43344660
Convert -101462241 (base 7) to base 11.
-3404574
-507279 (base 10) to base 16
-7bd8f
Convert -156001 (base 14) to base 11.
-46a838
Convert 21021201022 (base 3) to base 16.
2302d
Convert -11011111111111010001011 (base 2) to base 13.
-169c9c2
Convert -22456 (base 10) to base 7.
-122320
What is 47412 (base 13) in base 16?
1fd0a
What is -97267 (base 11) in base 12?
-699b5
What is -a1502 (base 15) in base 7?
-4225034
-16038 (base 11) to base 5
-1211133
What is 662cdc (bas